(a) = 6*a**2 - 26*a + 34. Give l(2).
6
Let a(j) = -13*j**2 - 145*j - 16. Calculate a(-11).
6
Let t(v) = 36*v**2 - 94*v + 6. What is t(2)?
-38
Let j(y) = -5810*y + 127814. Calculate j(22).
-6
Let p(o) = -3482*o + 191513. Determine p(55).
3
Let h(z) = 198*z + 2423. What is h(-13)?
-151
Let w(j) = 2*j**3 + 12*j**2 + 43*j + 8. What is w(-5)?
-157
Let r(q) = 7*q**2 - 92*q + 459. Calculate r(13).
446
Let m(s) = s**2 + 35*s - 22. Determine m(-30).
-172
Let h(k) = k**2 + 44*k + 118. Calculate h(-46).
210
Let w(n) = 18*n**3 - 3*n**2 - 7*n - 15. Determine w(-2).
-157
Let t(b) = -2*b**2 + 369*b - 538. Give t(183).
11
Let h(p) = -p**2 + 126*p - 2289. Determine h(104).
-1
Let q(p) = 5*p**2 + 16*p - 118. Give q(-12).
410
Let w(c) = 39*c - 201. Give w(5).
-6
Let i(s) = -2*s**2 + s + 61. What is i(12)?
-215
Let n(i) = -3338*i - 160230. Calculate n(-48).
-6
Let y(f) = -35*f + 102. Calculate y(3).
-3
Let h(b) = -684*b - 9570. Calculate h(-14).
6
Let v(m) = 7*m + 119. What is v(-20)?
-21
Let s(c) = -c**3 + 17*c**2 - 31*c + 107. What is s(11)?
492
Let g(y) = y**3 + 13*y**2 - 13*y + 9. Give g(-14).
-5
Let d(s) = -s**3 - 28*s**2 + 49*s - 379. Determine d(-30).
-49
Let v(y) = -3*y**2 - 37*y - 71. Determine v(-3).
13
Let u(l) = -5*l**2 + 32*l + 56. Calculate u(8).
-8
Let q(d) = 80*d + 1020. Determine q(-13).
-20
Let r(h) = 11*h + 2294. Determine r(-208).
6
Let t(g) = -g**2 + 604*g - 65282. Calculate t(141).
1
Let z(q) = -q**3 - 22*q**2 - 100*q - 119. What is z(-4)?
-7
Let k(u) = -110*u - 7595. Determine k(-69).
-5
Let f(y) = y**3 - 22*y**2 - 22*y - 163. What is f(23)?
-140
Let y(o) = 5*o**2 + 51*o - 258. What is y(-14)?
8
Let f(m) = m**3 - 93*m**2 + 716*m - 271. Determine f(8).
17
Let g(f) = -448*f - 902. Determine g(-2).
-6
Let h(o) = -5*o**3 - o**2 - 2*o + 3. What is h(2)?
-45
Let n(i) = -i**3 + 41*i**2 - 76*i + 292. Give n(39).
370
Let z(v) = 72*v**3 + 2*v**2 + v + 1. What is z(-1)?
-70
Let u(l) = -48*l + 68. Give u(-4).
260
Let m(f) = 2*f**2 + 5*f - 38. What is m(8)?
130
Let b(c) = c**3 + 42*c**2 + 77*c + 126. Calculate b(-40).
246
Let k(r) = -r**2 + 52*r + 283. Calculate k(-5).
-2
Let y(u) = u**3 - 22*u**2 - 152*u - 166. Determine y(-4).
26
Let q(o) = o**2 - 7*o - 2614. What is q(55)?
26
Let a(s) = -24*s + 73. Give a(5).
-47
Let a(w) = -46*w**2 - 14*w + 48. What is a(1)?
-12
Let v(r) = 84*r + 930. Give v(-5).
510
Let f(c) = -2*c**3 - 16*c**2 - 5*c - 21. What is f(-9)?
186
Let x(j) = -2*j**3 + 10*j**2 + 135*j - 13. Calculate x(11).
20
Let x(n) = 898*n - 8044. Calculate x(9).
38
Let m(x) = 1208*x + 196903. Calculate m(-163).
-1
Let l(v) = -3*v**2 + 53*v - 113. Give l(15).
7
Let k(n) = n**2 + 1022*n + 55003. What is k(-57)?
-2
Let c(l) = l**3 - 4*l**2 - 48*l + 207. Calculate c(8).
79
Let i(x) = 2*x**3 - 11*x**2 - x - 4. Determine i(8).
308
Let m(p) = -2*p**3 + 14*p**2 - 108*p + 762. Give m(7).
6
Let y(i) = 127*i - 4313. Calculate y(34).
5
Let j(l) = -2*l**2 + 63*l - 383. What is j(23)?
8
Let z(y) = -9*y**3 + 200*y**2 - 58*y + 329. What is z(22)?
21
Let r(f) = f**3 - 26*f**2 - 2*f + 60. Give r(26).
8
Let k(z) = -z**3 + 555*z + 2200. What is k(-4)?
44
Let d(g) = 206*g - 2902. What is d(14)?
-18
Let w(g) = -g**3 - 6*g**2 + 145*g + 858. Give w(-6).
-12
Let d(w) = -2*w**3 + 156*w**2 + 176*w - 1421. Determine d(79).
1
Let j(n) = -n**2 + 46*n - 401. Determine j(11).
-16
Let l(o) = -o**2 + 228*o - 1114. Calculate l(5).
1
Let y(l) = l**3 - 32*l**2 - 70*l + 83. Give y(34).
15
Let d(n) = -n**2 - 43*n + 617. Determine d(-54).
23
Let l(q) = -q**3 + 67*q**2 + 215*q + 19. Give l(-3).
4
Let f(p) = -2*p - 242. Calculate f(-12).
-218
Let z(i) = i**2 + 34*i + 234. Give z(-24).
-6
Let p(c) = 71*c + 2484. Determine p(-35).
-1
Let y(s) = 7*s**2 - 145*s - 34. Determine y(21).
8
Let h(g) = -g + 46. Calculate h(9).
37
Let w(l) = -4*l**2 + 282*l + 736. Give w(73).
6
Let d(g) = 3*g**2 + 9*g - 387. Calculate d(10).
3
Let x(h) = -300*h + 3582. Determine x(12).
-18
Let h(f) = -2*f**2 - 19*f + 162. Calculate h(-15).
-3
Let y(b) = -2615*b - 15765. Determine y(-6).
-75
Let d(h) = -44*h + 322. Determine d(7).
14
Let k(z) = z**3 - 47*z**2 - 53*z + 219. Determine k(48).
-21
Let a(u) = -133*u**2 - 4121*u + 53. Determine a(-31).
-9
Let b(m) = m**2 - 294*m + 2537. Determine b(9).
-28
Let u(l) = 7*l**2 + 38*l - 36. Determine u(1).
9
Let m(l) = 15*l - 1188. Give m(75).
-63
Let y(r) = -r**3 + 13*r**2 + 31*r - 146. What is y(14)?
92
Let c(y) = 5*y**2 + 8*y + 5. What is c(-7)?
194
Let m(c) = -c**2 - 774*c - 3858. Give m(-5).
-13
Let o(m) = 17*m**2 + 952*m - 982. What is o(-57)?
-13
Let t(f) = -421*f - 1707. Calculate t(-4).
-23
Let d(z) = 9*z**2 + 362*z - 675. Determine d(-42).
-3
Let n(w) = 1024*w - 111. Give n(1).
913
Let f(v) = -5*v**3 - 106*v**2 - 18*v + 57. Calculate f(-21).
-6
Let c(l) = 2*l**3 + 2*l**2 - 27*l + 44. Give c(2).
14
Let d(o) = -34*o - 2605. Calculate d(-71).
-191
Let l(k) = -k**3 - 64*k**2 - 65*k - 24. What is l(-63)?
102
Let g(v) = 155*v + 2297. Determine g(-15).
-28
Let x(b) = b**3 + 10*b**2 + 31*b + 27. Give x(-5).
-3
Let r(g) = -469*g**2 - 2822*g - 1. Calculate r(-6).
47
Let h(c) = 10*c - 47. Calculate h(-5).
-97
Let f(p) = 6*p - 29. What is f(13)?
49
Let g(x) = 55*x + 137. Determine g(-5).
-138
Let q(v) = -75*v - 17509. What is q(-233)?
-34
Let u(w) = -w**2 + 26*w + 42. What is u(30)?
-78
Let y(l) = l**3 + 21*l**2 + 24*l + 80. Give y(-20).
0
Let v(m) = 105*m + 418. Give v(-4).
-2
Let m(a) = 6*a**2 - 132*a + 728. Calculate m(11).
2
Let a(w) = 2177*w + 26126. Calculate a(-12).
2
Let h(p) = -8*p**3 + 7*p**2 - 17*p. What is h(2)?
-70
Let c(n) = -3*n**2 - 132*n + 625. Determine c(5).
-110
Let z(f) = -10*f**2 - 136*f - 133. Determine z(-12).
59
Let i(b) = -b**2 + 28*b - 195. What is i(10)?
-15
Let t(j) = j**3 - 120*j**2 + 1197*j + 224. What is t(109)?
6
Let q(d) = 8*d**2 - 223*d - 18. Calculate q(28).
10
Let k(y) = -y**2 - 23*y + 263. Determine k(9).
-25
Let z(h) = 5*h**3 - 324*h**2 - 63*h - 159. What is z(65)?
-29
Let t(i) = -3*i**2 - 192*i - 718. What is t(-4)?
2
Let y(p) = -5*p**3 + 29*p**2 + 14*p - 49. Give y(6).
-1
Let p(j) = 2*j**2 - 51*j - 620. Calculate p(-9).
1
Let r(a) = 2*a + 71. What is r(-7)?
57
Let r(b) = 106*b - 11137. Give r(105).
-7
Let v(o) = o**3 + 52*o**2 + 149*o + 82. What is v(-49)?
-16
Let s(h) = h**3 + 24*h**2 + 31*h - 3. What is s(-22)?
283
Let z(d) = -243*d + 1906. Give z(8).
-38
Let b(m) = -178*m - 900. Calculate b(-8).
524
Let g(a) = -96*a + 2308. Determine g(24).
4
Let d(q) = q**3 - 8*q**2 - 10*q + 33. What is d(8)?
-47
Let k(c) = -3*c**2 + 933*c + 943. What is k(312)?
7
Let y(l) = 20*l**2 - 141*l + 221. Give y(4).
-23
Let v(a) = -23*a + 84. What is v(2)?
38
Let s(h) = 2*h**2 - 44*h + 162. What is s(4)?
18
Let b(x) = -75*x**2 + 25*x - 3. Calculate b(-1).
-103
Let r(t) = -5*t**2 + 2*t + 26. Calculate r(7).
-205
Let j(u) = u - 2. What is j(31)?
29
Let f(q) = -31*q - 11. Calculate f(1).
-42
Let l(a) = -4*a**2 + 13*a + 27. What is l(-2)?
-15
Let z(m) = 2*m**3 + 20*m**2 - 20*m - 210. Give z(-10).
-10
Let i(p) = -p**3 - 22*p**2 - 101*p - 51. Calculate i(-18).
471
Let k(q) = -7267*q - 36332. Calculate k(-5).
3
Let d(s) = 14*s - 60. What is d(-4)?
-116
Let q(t) = 99*t**2 - 25446*t + 768. What is q(257)?
-3
Let u(k) = 320*k + 8590. Determine u(-27).
-50
Let v(s) = -2*s**3 + 23*s + 3. Calculate v(4).
-33
Let z(g) = -2799*g - 13991. What is z(-5)?
4
Let i(n) = n**3 + 10*n**2 + 11*n - 64. Calculate i(-10).
-174
Let i(x) = 323*x + 912. What is i(-3)?
-57
Let v(g) = 70*g**2 + 489*g + 45. What is v(-7)?
52
Let x(f) = 81*f - 360. Give x(5).
45
Let u(m) = -m**2 + 47*m + 538. Determine u(56).
34
Let r(l) = -393*l + 7032. Determine r(18).
-42
Let j(n) = -2*n**2 - 250*n + 2516. Calculate j(10).
-184
Let l(c) = -4*c**2 - 36*c + 22. Calculate l(-11).
-66
Let g(h) = h**3 - 7*h**2 - 9*h - 19. What is g(8)?
-27
Let t(w) = -64*w - 2. Determine t(2).
-130
Let m(r) = 33*r**2 + 266*r. Determine m(-8).
-16
Let t(y) = -9*y**3 + 4*y**2 - 7*y + 3. Determine t(2).
-67
Let p(y) = 13*y - 332. Determine p(9).
-215
Let d(l) = l**2 - 15*l - 298. What is d(-12)?
26
Let k(i) = -194*i - 603. Calculate k(-3).
-21
Let k(r) = r**2 - 57*r + 333. What is k(6)?
27
Let h(q) = q**3 + 12*q**2 - 11*q + 47. Determine h(-13).
21
Let v(j) = -3*j**2 + 98*j + 19. Calculate v(31).
174
Let z(p) = -p**3 - 2*p**2 + 